265 is divided by 97?
71
Calculate the remainder when 897 is divided by 444.
9
Calculate the remainder when 1030 is divided by 80.
70
What is the remainder when 1570 is divided by 121?
118
Calculate the remainder when 1004 is divided by 441.
122
Calculate the remainder when 458 is divided by 33.
29
What is the remainder when 211 is divided by 108?
103
What is the remainder when 956 is divided by 113?
52
Calculate the remainder when 267 is divided by 22.
3
What is the remainder when 160 is divided by 42?
34
What is the remainder when 79 is divided by 9?
7
Calculate the remainder when 4573 is divided by 762.
1
What is the remainder when 65071 is divided by 95?
91
Calculate the remainder when 647 is divided by 10.
7
Calculate the remainder when 3814 is divided by 24.
22
What is the remainder when 362 is divided by 6?
2
Calculate the remainder when 5014 is divided by 114.
112
Calculate the remainder when 76 is divided by 40.
36
What is the remainder when 1781 is divided by 143?
65
Calculate the remainder when 103 is divided by 12.
7
Calculate the remainder when 4063 is divided by 313.
307
Calculate the remainder when 69 is divided by 40.
29
Calculate the remainder when 99 is divided by 13.
8
Calculate the remainder when 1799 is divided by 15.
14
Calculate the remainder when 19 is divided by 8.
3
What is the remainder when 1420 is divided by 29?
28
Calculate the remainder when 473 is divided by 25.
23
What is the remainder when 761 is divided by 112?
89
What is the remainder when 78 is divided by 33?
12
What is the remainder when 2295 is divided by 144?
135
Calculate the remainder when 60 is divided by 7.
4
What is the remainder when 45343 is divided by 41?
38
Calculate the remainder when 172 is divided by 30.
22
Calculate the remainder when 8424 is divided by 4208.
8
What is the remainder when 741 is divided by 22?
15
Calculate the remainder when 2054 is divided by 204.
14
Calculate the remainder when 972 is divided by 57.
3
Calculate the remainder when 39 is divided by 31.
8
What is the remainder when 2759 is divided by 230?
229
Calculate the remainder when 358 is divided by 12.
10
What is the remainder when 27 is divided by 7?
6
Calculate the remainder when 322 is divided by 106.
4
What is the remainder when 1286 is divided by 311?
42
What is the remainder when 1213 is divided by 211?
158
Calculate the remainder when 32 is divided by 13.
6
Calculate the remainder when 12734 is divided by 10.
4
Calculate the remainder when 1188 is divided by 98.
12
Calculate the remainder when 144 is divided by 50.
44
What is the remainder when 6958 is divided by 59?
55
Calculate the remainder when 467 is divided by 117.
116
What is the remainder when 1404 is divided by 15?
9
Calculate the remainder when 189 is divided by 48.
45
What is the remainder when 10967 is divided by 26?
21
Calculate the remainder when 221 is divided by 92.
37
Calculate the remainder when 248 is divided by 36.
32
What is the remainder when 713 is divided by 121?
108
What is the remainder when 220 is divided by 16?
12
What is the remainder when 11911 is divided by 3963?
22
What is the remainder when 91 is divided by 43?
5
What is the remainder when 1306 is divided by 77?
74
Calculate the remainder when 146 is divided by 74.
72
Calculate the remainder when 354 is divided by 105.
39
What is the remainder when 2835 is divided by 32?
19
Calculate the remainder when 149 is divided by 14.
9
What is the remainder when 419 is divided by 42?
41
What is the remainder when 8680 is divided by 19?
16
What is the remainder when 139 is divided by 10?
9
What is the remainder when 5953 is divided by 50?
3
Calculate the remainder when 327 is divided by 10.
7
Calculate the remainder when 10356 is divided by 1479.
3
What is the remainder when 1627 is divided by 204?
199
What is the remainder when 1258 is divided by 22?
4
Calculate the remainder when 280 is divided by 36.
28
What is the remainder when 228 is divided by 33?
30
Calculate the remainder when 422 is divided by 228.
194
What is the remainder when 1724 is divided by 69?
68
What is the remainder when 334 is divided by 16?
14
Calculate the remainder when 191 is divided by 33.
26
Calculate the remainder when 484 is divided by 14.
8
Calculate the remainder when 266 is divided by 70.
56
What is the remainder when 48 is divided by 14?
6
What is the remainder when 412 is divided by 202?
8
What is the remainder when 6 is divided by 4?
2
Calculate the remainder when 168 is divided by 61.
46
What is the remainder when 1790 is divided by 224?
222
What is the remainder when 587 is divided by 12?
11
Calculate the remainder when 368 is divided by 52.
4
Calculate the remainder when 142 is divided by 73.
69
What is the remainder when 566 is divided by 118?
94
Calculate the remainder when 106 is divided by 6.
4
Calculate the remainder when 2292 is divided by 62.
60
What is the remainder when 653 is divided by 94?
89
What is the remainder when 69 is divided by 10?
9
Calculate the remainder when 93 is divided by 5.
3
Calculate the remainder when 125 is divided by 61.
3
What is the remainder when 170 is divided by 25?
20
What is the remainder when 2886 is divided by 27?
24
Calculate the remainder when 435 is divided by 49.
43
Calculate the remainder when 8159 is divided by 106.
103
What is the remainder when 411 is divided by 114?
69
What is the remainder when 5531 is divided by 27?
23
Calculate the remainder when 438 is divided by 13.
9
What is the remainder when 73 is divided by 22?
7
Calculate the remainder when 15060 is divided by 93.
87
Calculate the remainder when 491 is divided by 15.
11
Calculate the remainder when 1196 is divided by 25.
21
Calculate the remainder when 150 is divided by 28.
10
What is the remainder when 558 is divided by 47?
41
Calculate the remainder when 136 is divided by 76.
60
What is the remainder when 889 is divided by 60?
49
Calculate the remainder when 243 is divided by 31.
26
What is the remainder when 15826 is divided by 9?
4
What is the remainder when 1265 is divided by 24?
17
What is the remainder when 94 is divided by 14?
10
Calculate the remainder when 161 is divided by 50.
11
Calculate the remainder when 7666 is divided by 187.
186
Calculate the remainder when 8835 is divided by 94.
93
What is the remainder when 59 is divided by 24?
11
What is the remainder when 1748 is divided by 1701?
47
Calculate the remainder when 506 is divided by 34.
30
What is the remainder when 48 is divided by 2?
0
What is the remainder when 741 is divided by 125?
116
What is the remainder when 167 is divided by 39?
11
Calculate the remainder when 215 is divided by 55.
50
What is the remainder when 191 is divided by 114?
77
Calculate the remainder when 262 is divided by 45.
37
What is the remainder when 223 is divided by 77?
69
Calculate the remainder when 2805 is divided by 27.
24
What is the remainder when 143 is divided by 84?
59
What is the remainder when 380 is divided by 43?
36
What is the remainder when 1594 is divided by 17?
13
What is the remainder when 13 is divided by 7?
6
Calculate the remainder when 1305 is divided by 109.
106
Calculate the remainder when 429 is divided by 14.
9
What is the remainder when 177 is divided by 12?
9
What is the remainder when 83 is divided by 14?
13
Calculate the remainder when 279 is divided by 22.
15
Calculate the remainder when 113 is divided by 9.
5
What is the remainder when 94 is divided by 6?
4
What is the remainder when 61 is divided by 3?
1
Calculate the remainder when 241 is divided by 83.
75
What is the remainder when 624 is divided by 63?
57
What is the remainder when 4013 is divided by 154?
9
What is the remainder when 197 is divided by 18?
17
Calculate the remainder when 46 is divided by 11.
2
What is the remainder when 149 is divided by 28?
9
What is the remainder when 134 is divided by 8?
6
What is the remainder when 196 is divided by 8?
4
What is the remainder when 5640 is divided by 31?
29
Calculate the remainder when 4861 is divided by 128.
125
Calculate the remainder when 163 is divided by 44.
31
What is the remainder when 227 is divided by 78?
71
What is the remainder when 1405 is divided by 5?
0
Calculate the remainder when 6 is divided by 1.
0
What is the remainder when 61 is divided b